 Let y be u(b). What is v(y)?
3
Let v be (-12)/21 + 544/119 + 0. Let q(g) be the third derivative of 0*g - 1/12*g**v + 40*g**2 + 0*g**3 + 0. Calculate q(7).
-14
Suppose 24 = 929*w - 937*w. Let s(m) = -4*m**2 - 8*m - 12. Calculate s(w).
-24
Suppose 6*p - 39 = -9. Suppose -4*m + 4*h + 15 = -p*m, -5*m - 5*h = 0. Let t(q) = -2*q - 4. Give t(m).
-14
Let y(i) = i**3 - 18*i**2 + 18*i - 3. Let f be (32/(-128))/((-2)/136). Let s be y(f). Let r(w) = w - 3. Determine r(s).
11
Let x(a) = a**3 + 7*a**2 - 7*a - 8. Suppose 0 = 65*w + 298 + 222. Calculate x(w).
-16
Let g(h) = -h**3 + 2*h**2 + 5*h - 4. Suppose -5*k - 3*f - 77 = -302, -k - f + 43 = 0. Let m be 2/(-3) + 176/k. What is g(m)?
2
Let y = -136 + 224. Suppose 182*g = 174*g - y. Let v(x) = -x**2 - 12*x + 5. Determine v(g).
16
Let n(b) = b**2 - 30*b - 107. Let u = -11676 + 11673. Determine n(u).
-8
Let l(x) be the third derivative of 19*x**5/120 + x**4/24 - 139*x**3/6 + 12*x**2 + 1. Let a(j) be the first derivative of l(j). What is a(-1)?
-18
Let z(x) = -x + 1. Suppose 177 = 3*g + 5*d, -124 - 16 = -2*g + 4*d. Let i = -58 + g. Let h be ((-6)/4)/(-1)*(-16)/i. Give z(h).
5
Let u(v) = 2*v**3 + 17*v**2 - 33*v - 28. Let o be u(-10). Let j(p) = -7*p + 6. Let b(h) = 5*h - 1. Let f(z) = o*j(z) + 3*b(z). Determine f(-5).
4
Let n(r) = 9414839 - 9414812 + r**3 - 13*r**2 - 11*r - 5*r. What is n(14)?
-1
Suppose 144 = -8*k + q - 5*q, -4*k - 5*q = 72. Let z(u) = -4*u**2 - 73*u - 12. Calculate z(k).
6
Suppose -7*j - 72 = -646. Let w = 92 - j. Let s(f) = -2*f + f**2 + 17 - w - 8. What is s(2)?
-1
Let h(f) = f**2 + 13*f - 1149. Let w be h(-41). Let g(s) = 10*s - 8. Determine g(w).
-18
Let f(i) = -3*i**2 - i + 6. Let z(x) = 9*x**2 + 3*x - 17. Let m(g) = 8*f(g) + 3*z(g). Let h(a) = -9*a**2 - 3*a + 8. Let v(l) = -3*h(l) - 8*m(l). Determine v(1).
4
Let j(o) = -9*o**3 + 2*o**2 - 3*o. Let n(q) = 5*q**3 - q + 1. Let s(c) = -j(c) - 2*n(c). Calculate s(2).
-8
Let d(t) = 1190 + 23*t**2 + t**3 - 19*t - 1216 + 40*t. Determine d(-22).
-4
Let z(s) be the second derivative of -s**5/20 - 5*s**4/12 + 25*s**3/6 + 15*s**2/2 - 306*s + 1. Determine z(-8).
7
Suppose 13*g + 5*i - 6 = -8, 3*g + 32 = 2*i. Let a(c) = -4*c + 0*c + 8 - 2. Let h(u) = -u. Let d(l) = -a(l) + 6*h(l). Give d(g).
2
Let f(a) = 7*a + 27. Suppose -5*p = 3*z - 13 + 50, -85 = 5*p - 5*z. What is f(p)?
-50
Let h be ((-6)/5)/((-1)/5). Let q(f) = -5*f + 2. Let a(b) = 11*b - 6. Let i(p) = -3*a(p) - 7*q(p). Calculate i(h).
16
Let b(q) be the second derivative of 1/3*q**3 + 0 - 1/2*q**2 - 1/6*q**4 - q. Suppose -c - 4 + 2 = 0. Determine b(c).
-13
Let b(m) be the first derivative of -2*m**3/3 - 21*m**2 - 36*m + 4272. Calculate b(-20).
4
Let q(m) = -2*m**3 - 4*m**2 + 2*m + 4. Let n be q(-3). Suppose 2 = -7*d + n. Let o(w) = w**3 + 5*w**d - 10*w - 2*w**3 + 11*w - 7. Determine o(5).
-2
Let q(u) = 32*u + 83. Let j be q(-10). Let z = 237 + j. Let c(f) = f**2 + f + 4. Give c(z).
4
Let u(o) be the third derivative of o**4/12 - 61*o**3/6 + 3116*o**2. What is u(21)?
-19
Let m(f) be the third derivative of f**6/120 + f**5/60 + f**4/8 - 28*f**3/3 - 671*f**2. What is m(0)?
-56
Let i(v) be the third derivative of -1/60*v**5 + 0*v - 7/24*v**4 - 1/2*v**3 + 0 - 247*v**2. Calculate i(-3).
9
Suppose 0 = -6*c + 3*c + 9. Let q(a) = 0*a**c + 3*a**2 + 3*a**3 + 4 - 4*a**3. Suppose -24 = -3*g - 4*m, -6*m + 4*m - 6 = -3*g. What is q(g)?
-12
Let g = 16 + -14. Let t(i) = 2*i**2 - 5*i + 4. Let u be t(g). Let p = u - 5. Let c(n) = n**2 + 2. Calculate c(p).
11
Let c(j) be the second derivative of -j**5/10 + j**4/2 + j**3 + 3*j**2/2 + 4*j - 15. What is c(5)?
-67
Let n(k) = 7*k**2 + 4*k - 16. Let x be n(4). Let u(c) = 120*c - 238*c + x*c + 2 + 11. What is u(3)?
-5
Let c be (-12 - -3)/(-2 + (-202)/(-104)). Let o(l) = 154*l - 306*l + c*l. Give o(4).
16
Let b(s) = 5*s**2 - 8*s. Let d(r) = 6*r**2 - 8*r + 1. Let m(w) = -7*b(w) + 6*d(w). Suppose 277*g - 197*g + 560 = 0. Give m(g).
-1
Let w be 2 + (20/(-15))/(-4)*0. Let y be (1 - w)/((-4)/(-16)). Let o(h) = -h**2 - 4*h + 3. What is o(y)?
3
Let x be (12/(-8))/(3/(-12) - -1). Let i(m) = 4*m**3 + 15*m**2 - 4. Let v(l) = -2*l**3 - 7*l**2 + 2. Let z(f) = -6*i(f) - 13*v(f). Determine z(x).
-14
Let i(k) = -k**2 + 8*k + 5. Suppose -4*b + 4 = -c + 22, -6 = -3*c. Let o(r) = r**2 - 18. Let u be o(b). Let z be ((-9 + 12)*16/(-3))/u. Determine i(z).
5
Let f = -79 - -80. Let o(h) = -f + h + 1 + 5*h + 3*h. Calculate o(4).
36
Let b(z) be the first derivative of -z**5/15 + z**4/12 - 25*z**3/3 - z**2/2 + 17. Let r(s) be the third derivative of b(s). Give r(3).
-22
Let z(k) = -4*k**2 - 16*k - 2. Let r(b) = b**2 + 5*b + 1. Suppose -4*x + 13 + 71 = 0. Suppose -5*m = -2*m - x. Let y(f) = m*r(f) + 2*z(f). Calculate y(4).
-1
Let t(m) = m**2 - 19*m + 61. Let p = 15053 + -15049. Determine t(p).
1
Let h(z) = -z**2 + 179*z + 1143. Let t be h(-6). Let i(n) = n**3 - 33*n**2 - 8. Give i(t).
-8
Let z = -122 - -108. Let o(g) = 5*g**2 + 12 - 38*g**2 - 229*g - g**3 + 19*g**2 + 230*g - 1. What is o(z)?
-3
Let i(a) = a**2 + 11*a + 14. Let c(p) = 2*p**3 + 9*p**2 - 2*p + 8. Let w be c(-5). Determine i(w).
-14
Let g(q) = -4*q + 8. Let s be (-124)/(-3) - 68/(-102). Suppose -23*t + s = -17*t. What is g(t)?
-20
Let d(m) = 16*m + 51. Let l(n) = -15*n - 92. Let f(c) = -5*d(c) - 4*l(c). What is f(6)?
-7
Let m be (-26)/4*32/(-52). Let j(z) be the second derivative of 5/12*z**m + 16*z + 1/6*z**3 + 0 + 0*z**2. Give j(-1).
4
Suppose 164 = 8*g - 124. Suppose 27 = a + g. Let f(l) = l**2 + 11*l + 8. Calculate f(a).
-10
Let l(m) = -m**2 + 17*m - 50. Suppose 24*n - 48*n + 1014 = 54*n. Give l(n).
2
Let x(b) be the first derivative of -5*b**3/3 + b**2 + 6*b - 96. Let z(w) = 5*w**2 - 2*w - 5. Let g(i) = 6*x(i) + 7*z(i). What is g(2)?
17
Let d = -4870 - -4885. Let l(m) be the second derivative of 0 + 1/20*m**5 + 7/2*m**2 + 1/2*m**4 + d*m + 7/6*m**3. Determine l(-5).
-3
Let u = 302 - 302. Let o(n) = u*n**2 - 18*n - 8 - 16*n + 29*n + n**2. What is o(6)?
-2
Let r(c) = -2*c**3 + 3*c. Let a(b) = 11*b**3 - 23*b**2 + 32*b - 12. Let v(t) = -a(t) - 6*r(t). Give v(-25).
12
Suppose -5*o = -4*v + 32, -20 = -5*v + 2*o + 20. Let i(z) = -z**3 + 8*z**2 + 4*z + 2. Calculate i(v).
34
Suppose 7 = -15*u + 21*u + 49. Let x(z) = -z**3 - 6*z**2 + z - 38. Determine x(u).
4
Let s(i) = 4 - 3 - 7033*i + 3519*i + 3516*i. Let w be 1 - (0/(-1) + 0). Calculate s(w).
3
Let a(n) = -n**3 + 12*n**2 + n - 1. Let v = -1677 - -1689. Calculate a(v).
11
Let t = 19 + -13. Let n(g) = 6*g**2 + 18*g - 15*g**2 - t*g - 9 + 8*g**2. Calculate n(11).
2
Let v(n) = -14*n - 16. Let d be v(-3). Let w = 30 - d. Let z(p) = 4 + p - 2 - 3. Give z(w).
3
Let b(l) = 2*l**2 - l - 2. Let r(t) be the second derivative of t**3/6 + 21*t**2/2 + 2*t + 10. Let p be r(-17). Give b(p).
26
Let g = 18 - 6. Let p(i) = i**2 + 8*i + 15. Let o be p(-8). Suppose -c - g = -o. Let j(y) = 2*y - 2. What is j(c)?
4
Let l be 652/18 + 4/(-18). Let o = 40 - l. Let m(u) = -3 + 1 - 1 + 2 - o*u. Calculate m(1).
-5
Let p(a) = -7*a - 84. Suppose -4*o = 5*s + 44, o + s = 3*s - 11. Calculate p(o).
-7
Let t(i) be the second derivative of -3*i**5/2 - i**4/6 - i**3/6 + 20*i - 3. Calculate t(-1).
29
Let y(l) = -l**3 - 11*l**2 + 12*l - 9. Suppose -52 = -4*m + 2*k, 2*k = 5*k - 12. Suppose -20 = -5*j + m. Suppose 31 - j = -2*u. Calculate y(u).
-9
Let z(a) = -26*a - 149. Let t(y) = -48*y - 273. Let n(b) = 6*t(b) - 11*z(b). Determine n(-4).
9
Suppose -2*l - 38 = 40. Let j = l - -38. Let c(d) = 7*d - 5. Let t(s) = 8*s - 3. Let w(q) = 2*c(q) - 3*t(q). Calculate w(j).
9
Let n be (-6)/4*96/(-9). Suppose 2*l = -2*l - n. Let c(t) be the second derivative of t**4/12 + t**3/2 - t**2 + t - 497. Give c(l).
2
Let p(z) be the third derivative of z**6/120 - z**5/15 - z**4/4 - z**3/2 - 1423*z**2. What is p(6)?
33
Suppose 2*s = -4 + 2. Let x(n) be the first derivative of -6*n**3 + n**2 + n + 861. Give x(s).
-19
Let i(j) = j + 2*j**3 - 3*j**2 + 0*j - 150 + j**3 + 148 - 2*j**3. Suppose 11*w - y - 8 = 8*w, 4 = -2*y. Calculate i(w).
-4
Let j = 17 + -10. Suppose -5*y + r + 3*r = -j, 2*y + 2*r + 8 = 0. Let v be 3 + (21/(-6) - y/(-2)). Let g(q) = 21*q - 1. What is g(v)?
-22
Suppose -15*c + 55 = -35. Let z(j) = 315*j**2 + c*j - 314*j**2 + 1 - 1 + 1. Calculate z(-4).
-7
Let f(s) be the second derivative of s**6/360 - s**5/24 + 5*s**4/24 - 6*s**3 - 9